ue
Does 56 divide 354872?
True
Is 1143000 a multiple of 300?
True
Does 15 divide 124935?
True
Does 26 divide 988442?
True
Is 362528 a multiple of 8?
True
Is 1627074 a multiple of 19?
False
Is 116127 a multiple of 17?
True
Is 346 a factor of 828073?
False
Does 264 divide 298320?
True
Is 634 a factor of 1173641?
False
Is 12 a factor of 122160?
True
Is 9 a factor of 87821?
False
Does 10 divide 78805?
False
Does 291 divide 6870855?
False
Is 8146817 a multiple of 884?
False
Does 167 divide 10242611?
True
Is 3 a factor of 16345?
False
Is 730701 a multiple of 93?
True
Does 163 divide 355480?
False
Is 253108 a multiple of 17?
False
Does 17 divide 112232?
False
Does 6 divide 148506?
True
Is 265 a factor of 1769797?
False
Is 1734554 a multiple of 194?
True
Does 11 divide 7875912?
True
Does 553 divide 1241485?
True
Is 43 a factor of 515648?
False
Is 1272524 a multiple of 44?
True
Does 22 divide 1304050?
True
Does 793 divide 27857599?
False
Is 15 a factor of 525103?
False
Is 4840858 a multiple of 19?
True
Is 1289440 a multiple of 774?
False
Is 16821 a multiple of 9?
True
Is 1532993 a multiple of 7?
True
Is 7 a factor of 1170123?
False
Is 50325 a multiple of 5?
True
Is 11837581 a multiple of 271?
False
Does 15 divide 644415?
True
Does 11 divide 1137630?
False
Does 430 divide 17896170?
True
Is 3 a factor of 6311?
False
Is 51383 a multiple of 160?
False
Does 11 divide 3419?
False
Is 1139700 a multiple of 45?
False
Is 4 a factor of 1521183?
False
Is 231957 a multiple of 121?
True
Is 296616 a multiple of 34?
True
Is 3014719 a multiple of 31?
True
Is 233 a factor of 11163263?
True
Does 38 divide 485260?
True
Is 44 a factor of 13295190?
False
Is 354172 a multiple of 14?
True
Is 594440 a multiple of 2?
True
Does 12 divide 17662846?
False
Does 13 divide 605481?
False
Is 173 a factor of 429559?
True
Is 212020 a multiple of 4?
True
Is 8 a factor of 651590?
False
Is 350292 a multiple of 144?
False
Is 43 a factor of 46268?
True
Is 38756 a multiple of 321?
False
Is 771752 a multiple of 88?
False
Does 20 divide 4298107?
False
Is 224 a factor of 1425618?
False
Is 3 a factor of 3625655?
False
Does 36 divide 295752?
False
Is 5 a factor of 127216?
False
Does 80 divide 65520?
True
Is 86346 a multiple of 54?
True
Does 441 divide 1386945?
True
Is 12824970 a multiple of 34?
True
Does 12 divide 1323324?
True
Is 261913 a multiple of 52?
False
Is 154 a factor of 198814?
True
Is 78 a factor of 72150?
True
Does 106 divide 13780?
True
Is 132998 a multiple of 33?
False
Is 42 a factor of 26754?
True
Is 113916 a multiple of 22?
True
Is 20 a factor of 1707440?
True
Is 116072 a multiple of 3?
False
Does 9 divide 700034?
False
Is 8009052 a multiple of 29?
False
Does 276 divide 462852?
True
Does 701 divide 3968458?
False
Does 10 divide 77000?
True
Is 35600 a multiple of 80?
True
Does 23 divide 508990?
True
Is 815336 a multiple of 15?
False
Does 8 divide 51640?
True
Is 3211589 a multiple of 430?
False
Is 54954 a multiple of 43?
True
Is 59200 a multiple of 50?
True
Is 1002460 a multiple of 261?
False
Does 114 divide 99812?
False
Is 4 a factor of 655392?
True
Does 133 divide 652764?
True
Is 27 a factor of 1862106?
False
Does 335 divide 459207?
False
Is 41 a factor of 1032744?
False
Is 518 a factor of 2309762?
True
Does 12 divide 9605741?
False
Is 8 a factor of 45856?
True
Does 7 divide 98218?
False
Is 552050 a multiple of 50?
True
Does 2 divide 1592?
True
Is 399 a factor of 553072?
False
Does 4 divide 32514?
False
Does 287 divide 16337188?
True
Is 11 a factor of 10659?
True
Is 460144 a multiple of 29?
False
Does 290 divide 133429?
False
Does 322 divide 2391874?
False
Is 8731200 a multiple of 300?
True
Is 4791317 a multiple of 85?
False
Does 277 divide 19664709?
False
Is 139548 a multiple of 31?
False
Does 52 divide 1072136?
True
Is 9319710 a multiple of 15?
True
Does 20 divide 740227?
False
Does 14 divide 3764516?
True
Does 582 divide 1051674?
True
Is 1200781 a multiple of 19?
True
Is 4607880 a multiple of 76?
True
Is 204149 a multiple of 11?
True
Does 270 divide 144910?
False
Does 40 divide 1394640?
True
Is 1776060 a multiple of 297?
True
Does 273 divide 2853396?
True
Is 814176 a multiple of 288?
True
Is 20 a factor of 1361260?
True
Is 81941 a multiple of 22?
False
Is 9 a factor of 3873843?
True
Does 106 divide 1792036?
True
Is 39 a factor of 277290?
True
Does 15 divide 66270?
True
Is 682794 a multiple of 63?
True
Is 1382 a factor of 7019178?
True
Is 33 a factor of 270666?
True
Does 63 divide 1143009?
True
Does 130 divide 638690?
True
Is 17 a factor of 50218?
True
Is 85004 a multiple of 212?
False
Is 176 a factor of 2722192?
True
Does 11 divide 1131603?
True
Is 133 a factor of 526723?
False
Does 225 divide 87778?
False
Is 45 a factor of 3250430?
False
Does 71 divide 573927?
False
Is 126676 a multiple of 308?
False
Is 1218156 a multiple of 67?
False
Is 5 a factor of 70856?
False
Does 30 divide 13066950?
True
Is 67 a factor of 14834?
False
Is 30 a factor of 55290?
True
Is 1033876 a multiple of 44?
False
Is 29 a factor of 14324?
False
Does 73 divide 112858?
True
Is 211 a factor of 1676974?
False
Does 122 divide 585722?
True
Is 19917738 a multiple of 38?
True
Is 27690 a multiple of 71?
True
Is 79 a factor of 2367499?
False
Does 77 divide 11130?
False
Does 16 divide 5118131?
False
Does 69 divide 16391378?
False
Is 21 a factor of 115105?
False
Is 16 a factor of 344928?
True
Is 109 a factor of 389893?
True
Does 206 divide 1157720?
True
Is 23 a factor of 808335?
True
Is 3 a factor of 64351?
False
Is 103 a factor of 2459846?
True
Does 39 divide 280878?
True
Does 13 divide 138742?
False
Is 19 a factor of 584454?
False
Is 272113 a multiple of 20?
False
Does 33 divide 2769756?
True
Does 26 divide 99583?
False
Is 76 a factor of 81624?
True
Does 20 divide 135220?
True
Is 730732 a multiple of 83?
True
Is 386 a factor of 54467?
False
Is 2443 a factor of 35741510?
False
Does 9 divide 85539?
False
Does 6 divide 46259?
False
Is 3794 a multiple of 80?
False
Does 447 divide 1118394?
True
Is 19 a factor of 398395?
False
Is 22215 even?
False
Does 345 divide 268620?
False
Does 1255 divide 17204201?
False
Is 25 a factor of 192754?
False
Is 19 a factor of 21929808?
False
Does 122 divide 3557934?
False
Does 254 divide 773938?
True
Does 91 divide 3761758?
True
Is 1405 a factor of 4011263?
False
Does 4 divide 21708?
True
Does 132 divide 2256540?
True
Is 90 a factor of 177384?
False
Does 191 divide 873634?
True
Is 133089 a multiple of 37?
True
Does 23 divide 6778077?
True
Does 34 divide 1232627?
False
Is 9274797 a multiple of 189?
True
Does 8 divide 138246?
False
Is 38 a factor of 153900?
True
Does 77 divide 14099?
False
Is 44 a factor of 662314?
False
Is 581472 a multiple of 24?
True
Does 195 divide 1516169?
False
Is 128776 a multiple of 26?
False
Is 24312 a multiple of 3?
True
Is 25 a factor of 61200?
True
Is 929178 a multiple of 28?
False
Is 987021 a multiple of 63?
True
Is 44 a factor of 96168?
False
Is 199 a factor of 356409?
True
Is 10 a factor of 14426980?
True
Does 16 divide 1735018?
False
Is 96 a factor of 88768?
False
Is 30 a factor of 352387?
False
Does 49 divide 18092662?
True
Does 9 divide 232669?
False
Does 66 divide 131604?
True
Does 12 divide 727204?
False
Does 3 divide 3495?
True
Does 565 divide 1208535?
True
Is 12 a factor of 134688?
True
Does 7 divide 76041?
True
Is 66740 a multiple of 235?
True
Is 6836800 a multiple of 160?
True
Is 5612600 a multiple of 38?
True
Does 29 divide 189458?
False
Is 7 a factor of 11333?
True
Does 7 divide 31610?
False
Does 55 divide 372735?
True
Is 484 a factor of 6388316?
True
Does 143 divide 3842806?
False
Is 66150 a multiple of 6?
True
Does 312 divide 5655312?
True
Is 2777588 a multiple of 464?
False
Is 8 a factor of 25312?
True
Is 328 a factor of 1161883?
False
Does 551 divide 118642?
False
Does 8 divide 7504057?
False
Is 105 a factor of 1106070?
True
Is 23948064 a multiple of 1176?
True
Is 182626 a multiple of 220?
False
Is 145 a factor of 5404150?
True
Is 11 a factor of 24201?
False
Does 8 divide 86912?
True
Does 16 divide 195383?
False
Does 394 divide 333251?
False
Does 137 divide 132414?
False
Is 1612260 a multiple of 106?
True
Is 745170 a multiple of 5?
True
Is 14 a factor of 8041294?
False
Does 50 divide 255835?
False
Does 17 divide 5326066?
True
Is 11 a facto